ctor of -4*(-4)/(-4) + (-570)/(-6)?
False
Let t = -1 - 0. Let q be -2 - (t + 2)*-2. Suppose 3*l + 0*l - 21 = q. Is 3 a factor of l?
False
Suppose 0*v + 10 = -2*v. Let f(w) = 3*w**2 + 2*w - 9. Is 14 a factor of f(v)?
True
Suppose -823 = -4*v + 241. Let m be (-2)/4 - v/(-4). Does 11 divide m/(-4)*(-4)/6?
True
Let d = 18 + 3. Is 21 a factor of d?
True
Let v = 9 + -4. Suppose v*m = 5, -4*t + 3*m = -t - 81. Let k = 44 - t. Is 8 a factor of k?
True
Suppose -4*d + 12 = -0*d. Let o be 4 + (d - 6/2). Let w = 7 + o. Does 11 divide w?
True
Suppose 0 = -8*q + 4*q + 16. Suppose n = q*n - 72. Is n a multiple of 12?
True
Let n = 28 + 16. Is 12 a factor of n?
False
Let x = -3 - -7. Suppose -b + x*v + 13 = 0, -b - 4*b + 137 = -2*v. Does 14 divide b?
False
Suppose 0 = -2*n - 0*n. Suppose n = -b - 2 + 3. Let v(w) = 15*w**2 + 1. Is v(b) a multiple of 8?
True
Does 42 divide (-25)/(-10)*-2 + 47?
True
Let v(i) = -7*i**2 - 9*i**2 - 1 + 37*i**2 + 36*i**2. Let y be v(-1). Let b = y - 27. Does 11 divide b?
False
Suppose 4*t = -o - 37, -4*o - 5*t = -t + 100. Is o/((2 - 1) + -2) a multiple of 7?
True
Suppose -13*m = -16*m - 6. Let f(h) = -4*h**3 - h**2 + 3*h + 3. Does 7 divide f(m)?
False
Let l be (-2)/9 - (-94)/18. Suppose -l*r + 50 = 150. Does 11 divide (-1 + r)/(-3)*3?
False
Suppose -8 = -2*n + 2*z, 3*z = -0*z - 12. Suppose 5*u - 57 = -4*t, 5*t + 0*u - u - 93 = n. Suppose 7*o = 4*o + t. Does 6 divide o?
True
Let t(q) = 8*q + 1. Suppose -1 = m + 1. Let i be (-2)/(-3)*(-9)/m. Does 25 divide t(i)?
True
Suppose 0 = -3*n - 6, 109 = 3*f - 0*n - 2*n. Suppose -5*v - 4*h + 54 = -0*h, -f = -3*v - 5*h. Is v a multiple of 10?
True
Let x(u) = u + 3*u**2 - u**3 + 2*u**3 + 35 - 2*u**2 - 2*u**3. Suppose 0 = -4*j - 5*q + 10, -j + 2*q - 8 = -4. Is 9 a factor of x(j)?
False
Suppose -23 = -2*v + 175. Suppose 5*r - v = 51. Does 18 divide r?
False
Let b(w) = w**2 + w - 20. Let v be b(14). Suppose 6*u + v = 11*u. Is 19 a factor of u?
True
Suppose -10*k = -6*k. Let y(i) = -i**2 + 40. Does 27 divide y(k)?
False
Let q(c) = -14*c - 21. Does 7 divide q(-6)?
True
Let o(q) be the second derivative of -3*q + 1/12*q**4 + 0*q**3 + 23/2*q**2 + 0. Is o(0) a multiple of 23?
True
Let f(i) = i**2 + 6*i - 1. Let v be f(-6). Let j(s) = 2*s**2 - 2*s - 1. Let k be j(v). Suppose 0 = -2*g + 37 + k. Is 10 a factor of g?
True
Suppose 3*j = -9, 3*u - 2*j = -3*j + 6. Let g(s) = u - 5*s + 3*s**2 + 3*s**2 + s. Does 8 divide g(2)?
False
Let p(y) be the third derivative of -3*y**4/8 + y**3/2 + 4*y**2. Does 19 divide p(-3)?
False
Let q(p) = -p**3 - p**2 + p + 5. Let h be q(0). Suppose 0 = 5*i - 5*v - 80, -h*i - 2*v + 56 = v. Is i a multiple of 11?
False
Let y(u) = 0*u + 3*u - 9 - 3*u - 3*u. Does 3 divide y(-4)?
True
Let j(f) = -f**2 - 9*f - 4. Let m be j(-7). Suppose 5*z + 5*q = -0 - m, -3*q = -5*z + 22. Suppose z*d = 4*u - 106, u + 0*d = -3*d + 9. Does 12 divide u?
True
Suppose 40 = 3*s + 2*s. Suppose -4*u = -g + s, -u = -0*g - 3*g + 2. Is (13 - -4) + (g - 0) a multiple of 17?
True
Let q(b) = b + 6. Let v be q(-4). Suppose n = 37 + v. Is n a multiple of 13?
True
Let y = 183 - 122. Is y a multiple of 8?
False
Let j = -396 + 236. Is 8/(-12) + j/(-6) a multiple of 12?
False
Let k = -22 + 46. Does 5 divide k?
False
Let q be (-3)/(-7) + (-100)/(-28). Suppose -5*f = -2*z + q, 5*f = z + 2*z - 11. Is 7 a factor of z?
True
Suppose -18 = -0*j - 2*j. Let g = -4 + j. Suppose -64 = f - g*f. Is 8 a factor of f?
True
Suppose -3*t + 5*t = 0. Suppose 0 = -q - t*q - 2. Is 14 a factor of 12 + 6 - (-1 + q)?
False
Let s(g) = g**3 - g**2 + 4*g + 4. Suppose 4*j - 8*j = -4*r + 16, -4*r + 3*j + 16 = 0. Does 19 divide s(r)?
False
Let h(w) be the first derivative of -1/3*w**3 + 6*w**2 - 10*w - 1. Is h(9) a multiple of 6?
False
Let q = 17 - 7. Let o be (16*-1)/((-5)/q). Let w = o - 20. Does 12 divide w?
True
Let a be (-2 + 10/4)*6. Suppose -3*w - 4*f = -5*w + 28, w = -a*f + 14. Is 10 a factor of w?
False
Suppose x = 2*i - 35, -55 = -2*i + 7*x - 2*x. Let f = i - 6. Is 9 a factor of f?
True
Let k(g) = -g**3 - 12*g**2 + 13*g + 3. Is 3 a factor of k(-13)?
True
Is 837/18 + 3/2 a multiple of 12?
True
Let o(m) = 4*m**2 - 2*m - 12. Is 12 a factor of o(6)?
True
Let v = -14 - -37. Is v a multiple of 6?
False
Suppose -4*r + p = -164, r - 5*p + 146 = 4*r. Is 21 a factor of r?
True
Suppose -2*m - 3*m = -3*c + 1264, 4 = m. Suppose -5*w + c = z, -3*z = 2*w - w - 94. Is w a multiple of 23?
False
Suppose 4*p = 2*w - 24, -15 = w - 6*w + p. Suppose -d + 2*c = -c - 56, 2*d + w*c = 80. Suppose -5*i = -2*m - 29 - 14, -5*i = -m - d. Does 9 divide i?
True
Let j = -75 - -45. Let q = j + 18. Let c = -6 - q. Is c a multiple of 6?
True
Let h = -58 + 60. Let k(v) = 14*v**3 - 9*v**2 - 17*v - 8. Let l(n) = -5*n**3 + 3*n**2 + 6*n + 3. Let z(x) = -4*k(x) - 11*l(x). Is 7 a factor of z(h)?
True
Let h = 135 - 67. Is 23 a factor of h?
False
Let l be 3*((-2 - -3) + 2). Suppose h = 3*c - 4*h + l, 3*h = -c + 11. Suppose -4*u - u - 17 = k, -c*k = -5*u - 41. Is k a multiple of 8?
True
Let a(j) = -24*j**2 - 2*j + 1. Let b be a(1). Let t = 46 + b. Is 21 a factor of t?
True
Let x(k) = -k**3 + 5*k**2 + 6*k - 3. Let o(a) = -a + 5. Let q be o(3). Let s be (6/(-9))/(q/(-15)). Is 9 a factor of x(s)?
True
Let a(o) = 8*o**2 + o - 1. Does 11 divide a(2)?
True
Suppose 0 = -4*r + 2*s + 34, 5*r - 2*s - 13 = 32. Let c(x) = 8*x - 1. Let n be c(r). Suppose 3*w - 57 = n. Is w a multiple of 14?
False
Let i(h) = h**2 + 5*h + 3. Let b be i(-5). Suppose b*j + 3 = -a, 0 = -4*a + 4*j - 0*j + 20. Is 5 a factor of (9/2)/(a/12)?
False
Let r(a) = 3*a - 4. Let o be r(2). Does 3 divide 530/60 - o/(-12)?
True
Let s(a) be the first derivative of -11*a**4/24 - a**3/3 - a**2/2 - 1. Let r(j) be the second derivative of s(j). Is 10 a factor of r(-2)?
True
Let i be 18*-2*45/(-6). Is 9 a factor of i/(-12)*6/(-5)?
True
Let k = -12 + 12. Let w be (-17)/2 - 1/(-2). Let i = k - w. Does 3 divide i?
False
Let c be (460/3)/((-10)/30). Is (-2)/4 - c/8 a multiple of 19?
True
Let m = -7 - -7. Suppose m = -5*x - 5, -4*w - 3*x + 30 = -x. Let g = -5 + w. Is g a multiple of 3?
True
Suppose 7*g - 5*m = 3*g + 4, g = -2*m + 14. Is 3 a factor of g?
True
Suppose 5*u = -5*o, -4*u + 2*o + 8 = -4. Suppose u*r + 0*r = 3*z + 12, z - 4*r = 6. Does 5 divide 12/(z/(-3)) + 1?
False
Suppose -2*p = 4*d - 132 - 80, -5*p = 20. Is 15 a factor of d?
False
Let v(n) = -n**2 + 19*n + 36. Does 13 divide v(15)?
False
Suppose 0 = -6*n + 11*n - 1640. Is 18 a factor of n?
False
Let o(a) = a**3 + 7*a**2 + 7*a + 9. Let f be o(-6). Is 2 a factor of 27/f*1/3?
False
Suppose -2*r + 2*z + 12 = -0*z, -3*r - 2 = 2*z. Let y = -6 + 9. Suppose -r*l - 2*l + 220 = 4*i, 141 = 3*l - y*i. Is 27 a factor of l?
False
Let i = 58 + -84. Let j = -16 - i. Is j a multiple of 6?
False
Let u = 2 - -2. Suppose -u*d + 44 + 0 = 0. Let b = d + 7. Does 9 divide b?
True
Let z be -2 - -1*0/3. Is 2 a factor of (-9)/18*7*z?
False
Suppose 0 = -3*b + 15, 5*b - 121 = -f - 2*f. Is f a multiple of 9?
False
Suppose -4*j = -0*j + 72. Let q be (-2)/3*j/4. Suppose -15 = -q*y + 12. Is y a multiple of 9?
True
Let f be (-2)/(-7) - 593/(-7). Let i = f - 42. Is 15 a factor of i?
False
Suppose 2*v + 4*a = 3*a + 485, 0 = 4*v - 3*a - 985. Suppose 6*d = 3*d + 12, -4*c = -4*d - v. Suppose 7 = 4*l - c. Is l a multiple of 9?
True
Suppose 2*s - 7 - 3 = 0. Suppose -204 = -5*a - 2*c, 216 = -0*a + s*a - 2*c. Is 24 a factor of a?
False
Suppose -5*m - 5 = 5*v, 3*m = -5*v + 4 - 7. Suppose 25 + v = 5*k. Is k a multiple of 5?
True
Let c = 4 + -6. Let r(l) = -18*l - 3. Is r(c) a multiple of 11?
True
Suppose -3*z + 108 = -5*o, 0 = -6*o + 3*o - z - 62. Is 8 a factor of (-3 - 3)/(6/o)?
False
Let f = -16 - -88. Is f a multiple of 18?
True
Let b = -23 - -23. Suppose b*h + 36 = 4*h. Is 3 a factor of h?
True
Let w = -50 + 94. Is 3 a factor of w?
False
Suppose 0 = 2*f + 2*f + 208. Let z = -21 - f. Does 12 divide z?
False
Suppose 0 = 2*d - d - 4, 4*d + 74 = 3*k. Is 15 a factor of k?
True
Suppose 5*u = o + 15, 76 = -4*o + 3*u + u. Let k be (-270)/(-8) - 5/o. Suppose 3*w = -5*c + 37, 4*c = -2*w + 4*w + k. Does 8 divide c?
True
Let z = 19 + -13. Suppose -b + 5 = -z. Does 3 divide b?
False
Suppose -3*v = -0*v - 15. Suppose 3*f - 2*y - 1 = 33, 3*y = v*f - 58. Is f a multiple of 7?
True
Suppose -3 - 9 = -3*u - 5*z, 8 = 2*u + 3*z. Suppose -u*